 5*f + 64. Let v(a) = 11*h(a) + 2*x(a). Calculate v(-6).
19
Let w(r) be the first derivative of -2*r**3/3 - 17*r**2/2 - 38*r - 2653. Calculate w(-6).
-8
Let h = -85 + 87. Suppose h*f - 2 = -d + 10, f = 3*d - 8. Let s(c) = -c**2 + 9. Determine s(d).
-7
Let i(l) = -34*l + 1. Let s(q) = -36*q + 1. Let z(f) = -6*i(f) + 5*s(f). Suppose 13 = -2*d + 11. Give z(d).
-25
Let o(p) = 4582*p + 19 + 4538*p - 9122*p. Suppose -5*c - 7 + 72 = 0. Determine o(c).
-7
Let f(x) = -x**3 + 3*x**2 - 6*x + 3. Let g = 481 + 6. Let w = g + -483. Give f(w).
-37
Let a(b) be the third derivative of b**7/2520 - b**6/180 - 47*b**5/30 - 12*b**2 - 4*b. Let r(y) be the third derivative of a(y). Give r(5).
6
Let j(r) = -r**3 + 7*r**2 + 6*r + 9. Suppose 0 = 2*l - 3*x - 87 - 223, -2*l = -5*x - 318. Let m = l + -101. Let u be (19/(-3) - -1)/(m/(-72)). Determine j(u).
-7
Let b(n) = -2*n**2 - 34*n + 39. Suppose -1277 = 38*h - 593. Give b(h).
3
Suppose -3*p + 4*g + 5 = -11, 0 = -5*p - g + 19. Let w(k) = -4*k + 8. Give w(p).
-8
Let t(y) = y - 1. Let r be -4 + (4 + (-21)/6)*-2. Let v(o) = 5*o - 11 - o + 4. Let a(k) = r*t(k) + v(k). Determine a(5).
-7
Let u(i) = i**2 - 8*i + 7. Let b(t) = -27 - 51 + 8 + 8*t + 19. Let m be b(7). Give u(m).
-8
Let s(y) be the second derivative of -7*y + 0 - y**2 + 7/6*y**3 + 1/6*y**4. Let m be s(-4). Let r(w) = 5*w**2 - 2*w - 1. Calculate r(m).
15
Let v(w) be the third derivative of w**6/120 - w**5/30 + w**4/12 - 10*w**2 - 47*w + 3. Let s = 1 - -1. Calculate v(s).
4
Let l(u) = -u + 4. Let p(i) = i - 5. Let h(w) = -2*l(w) - 3*p(w). Suppose 0 = 2*s - 2836 + 2818. Calculate h(s).
-2
Let h(a) = a**2 - a + 1. Let n be h(1). Let b = n - 4. Let k(g) = -3*g**2 - g. Let s(o) = 17*o**2 + o + 3. Let x(y) = -6*k(y) - s(y). Give x(b).
-9
Let k be (-3 - -6)/((3/1)/9). Suppose 0 = -4*s + k*s + p - 44, 3*s + 3*p = 36. Let d(w) = -w + 5*w - s*w. What is d(2)?
-8
Suppose 6 - 9 = -q. Suppose 2*z - 2*b + 0*b - 24 = 0, 3*b = -q*z + 30. Let x(c) be the first derivative of c**3/3 - 6*c**2 + 9*c - 210. Calculate x(z).
-2
Let i(k) be the first derivative of -k**3/6 - k**2 - 6*k - 51. Let c(b) be the first derivative of i(b). Calculate c(2).
-4
Let h(m) = -5*m + 29. Let k be (-4)/(-30)*27*35/14. Suppose s = -2*b + 12, -s + k = s - b. Determine h(s).
-1
Let k(f) = -f**2 + 7*f + 94. Let j be k(-7). Let c = -8 - 0. Let p be (c/j)/(-2) + -1. Let n(s) = -4*s - 1. Determine n(p).
7
Let k(v) be the first derivative of -v**4/4 - 25*v**3/3 + 13*v**2 - 15*v - 2930. Give k(-26).
-15
Let k = 26 + -21. Suppose 5*f - 5 = k*h + 5, 4*f = 3*h + 7. Let d(w) = -w - 4 - f - 5 + 7. Give d(-4).
1
Suppose 2*s + 9*q = 5*q + 32, -9 = -3*q. Let u(l) = -9*l - l**2 + 4*l**2 - l**2 - l**2 - 4. Determine u(s).
6
Let x(q) = 14*q - 617 + 1326 - 2*q**2 - 649. Determine x(10).
0
Let p(s) = 3*s. Let x = 139 + 131. Let h be 4/(-14) - (x/(-21))/3. Determine p(h).
12
Let t(n) be the first derivative of n**4/2 + 3*n**2/2 - 3*n + 5. Let g(k) = k**2 + 2*k - 32. Let v be g(0). Let m = 34 + v. Calculate t(m).
19
Let t = -31 - -56. Let n be (t - -2) + -5 + 12/3. Suppose o - 3*k + 8 = n, -3*k = 4*o - 12. Let f(a) = -a**3 + 5*a**2 + 4*a + 7. Calculate f(o).
-5
Let k(w) = -w**2 + 6*w - 9. Let b = 216 + -6. Suppose -m = -36*m + b. Determine k(m).
-9
Let v(o) = -32*o**2 - 37*o + 35. Let p(f) = 13*f**2 + 18*f - 14. Let r(y) = 5*p(y) + 2*v(y). Give r(-17).
17
Suppose 1 = n - 7. Suppose 2*c - 13 = -11*c. Let o(l) = l**2 + l + 1. Let a(j) = 3*j**2 + 14*j - 7. Let g(k) = c*a(k) - 4*o(k). What is g(n)?
5
Let o(v) = -1 - 2*v**2 + 3*v**2 - 6*v + 2. Let c = 23187 + -23182. Give o(c).
-4
Let n(t) = -21*t - 43 + 9*t + 9*t + 37. Let h(q) = -q. Let m be h(-3). Suppose -m*x - 3 - 9 = 0. What is n(x)?
6
Let v(u) = 22*u + 54. Let w = 2852 - 2854. What is v(w)?
10
Let b(z) = 13*z - 11. Let p = 781 + -783. Give b(p).
-37
Let b(c) be the second derivative of -1/60*c**5 + 1/2*c**3 + 5/24*c**4 + 0 - 4*c - 4*c**2. Let o(x) be the first derivative of b(x). Calculate o(5).
3
Let d be 2*((-51)/(-6) - 3). Suppose 4*a + z - 9 = 0, d = 4*a + 2*z + 1. Let h(t) = -a*t + 3*t**2 + 0*t**2 - 4*t**2. Give h(-4).
-8
Let z(q) be the second derivative of -q**3/6 + 3*q**2 - 108*q + 1. Suppose 52 = -3*w - 10*w. Determine z(w).
10
Let c be (-12)/30*(3 - (-26)/(-2)). Suppose -2*n + 5*n + 36 = c*o, 5*o = -4*n - 17. Let f(r) = r + 17. Calculate f(n).
9
Let y(f) = 10*f**3 - f. Let t(h) = -21*h**3 + 8*h**2 - 8*h - 4. Let i(q) = t(q) + 2*y(q). Calculate i(7).
-25
Suppose 3*q + 40 = -5*q. Let k(z) be the first derivative of -2*z**3/3 - 7*z**2/2 - z - 3492. Give k(q).
-16
Let f(b) = b. Let x(h) be the third derivative of -1/60*h**5 + 0*h + 17*h**2 + 7/12*h**4 - 17/6*h**3 + 0. Let q be x(12). What is f(q)?
7
Let k(v) = 3*v**2 + 439*v - 1299*v + v**3 + 4 + 430*v + 436*v. Determine k(-3).
-14
Suppose 0 = 5*m - m - 36. Let j(p) = -4*p**2 - 11*p - 6. Let y(x) = -5*x**2 - 11*x - 7. Let s(u) = 6*j(u) - 5*y(u). Calculate s(m).
-19
Let q(m) = -5*m**3 + m**2 - m + 1. Let b(s) = -s - 7. Let w be b(18). Let y = w + 44. Let v = 20 - y. What is q(v)?
-4
Suppose -247*q + 159 + 1817 = 0. Let n(d) = d**3 - 9*d**2 + 9*d - 23. What is n(q)?
-15
Let i(p) be the second derivative of 1/20*p**5 + 16*p - 5/6*p**3 + 3*p**2 - 1/3*p**4 + 1. Determine i(4).
-14
Let i(d) be the second derivative of 131*d**3/6 + 909*d**2/2 + 2*d - 3717. Calculate i(-7).
-8
Suppose 2*x - 10403 = 8989. Let q(k) = -5 + x*k + 2 - 9712*k. Give q(-2).
29
Suppose 0 = 5*o + 11 - 111. Let p(s) = 67 - 17 - s - 17 - o. Calculate p(12).
1
Let s(p) = 19*p**3 + p**2. Let j(y) = 9*y - 10*y - 37 + 6. Let r be j(-30). Calculate s(r).
-18
Let n(b) = 11*b + 3. Suppose 65 = 5*q - 5*k, 3*q + q - 5*k - 54 = 0. Let r(c) = -31*c - 8. Let f(s) = q*n(s) + 4*r(s). Give f(2).
-5
Suppose -7*i + 10*i = 78. Let f(x) = -27*x**3 - 2*x - 5*x**2 + i*x**3 - x - 5. Let y(k) = -4*k - 1. Let o be y(1). What is f(o)?
10
Let l(h) = 47*h + 28. Let g(m) = -110*m - 55. Let q(o) = -3*g(o) - 7*l(o). Calculate q(13).
-18
Suppose 0 = -4*j - 5*z - 269, -5*z + 136 = -j + 50. Let s = -63 - j. Let y(h) = -2*h + 3 + h**2 - h**3 + 7*h**2 + 4. Calculate y(s).
-9
Let i(q) = 15*q**3 - q**2 - 3*q - 4. Suppose -5*c = -x + 6, 5*c + 5*x - 45 = -75. Give i(c).
-122
Let q(m) be the second derivative of -m**4/12 - m**3/6 + 9*m**2/2 - 3375*m. Give q(5).
-21
Let c(o) = o**3 + 55*o**2 + 648*o + 27. Let v be c(-17). Let q(m) = 5*m**2 - 27*m - 18. Let w(s) = 2*s**2 - 9*s - 6. Let z(p) = -3*q(p) + 8*w(p). Give z(v).
-8
Let o(i) = 6*i - 5. Let v(w) = -w + 13. Let a be v(15). Let d be (-290)/(-35) - 4 - a/(-7). Calculate o(d).
19
Let n be 261/36 - (-1)/(-4). Let i(h) = -10*h**2 - 24*h - 48. Let g(w) = 3*w**2 + 8*w + 14. Let s(r) = -13*g(r) - 4*i(r). Calculate s(n).
3
Let m(i) = i**2 - i - 17. Let z be m(5). Suppose 4*x = z*s - 1 + 4, 2*s = 2*x. Let d(p) = 2*p + 2*p**s + 5 + 5*p**2 - p**3 + 0*p**3. What is d(-5)?
-5
Let v(c) = c**2 - c - 8. Let w(a) = -a**2 - 3*a. Let p be w(0). Let m be (2 - p)/(34/3 + -12). Determine v(m).
4
Let q(d) be the first derivative of 5*d**2 + 99*d + 8900. Calculate q(-8).
19
Let l(q) = 9*q**2 - 7*q - 2. Let i(k) = 4*k + 14*k**2 + 1 + 0 - 18*k**2. Let g(n) = -7*i(n) - 3*l(n). What is g(6)?
-7
Let s(b) be the third derivative of 1/20*b**5 + 0 + 1/6*b**3 + 2*b - 1/120*b**6 + 1/24*b**4 - 11*b**2. Determine s(2).
7
Suppose 0 = 21*w - 23*w + 140. Let v be (-50)/w + -1*2/7. Let o(z) = 10*z. Determine o(v).
-10
Let h(b) be the first derivative of b**3/3 + 5*b**2/2 - 3*b - 4607. Let a(q) be the second derivative of -q**3/3 + 9*q**2/2 + q. Let w be a(6). What is h(w)?
-9
Let s(m) be the second derivative of -m**5/20 + 7*m**4/12 - m**3/2 - m**2/2 + 8275*m. Suppose -3*y - y = -24. Determine s(y).
17
Let p(t) = -11*t**2 - 7*t - 4. Let o(b) = -83*b**2 - 49*b - 30. Let j(k) = 2*o(k) - 15*p(k). Let u = -10 + 16. Calculate j(u).
6
Let g(n) be the third derivative of n**6/120 + 3*n**5/20 + 7*n**4/24 + 7*n**3/3 + 937*n**2. Determine g(-8).
22
Let k(b) be the second derivative of -b**4/12 - b**3 + 10*b**2 - 7*b + 62. Determine k(5).
-35
Let y be (5/1)/(144/(-720)). Let a(n) = -5*n**2 - 123*n + 43. What is a(y)?
-7
Let w(n) = n**3 - 5*n**2 - 5*n + 7. Let t = -126 + 146. Let d be 72/t + -3 + 54/10. What is w(d)?
13
Let j(g) = g**3 + g + 5. Let l = 1168 + -452. Let o = -716 + l. Calcul